ed by 224.
10
What is the remainder when 31366269 is divided by 445?
444
Calculate the remainder when 95928 is divided by 95923.
5
Calculate the remainder when 384641 is divided by 1637.
1583
What is the remainder when 48838 is divided by 1414?
762
Calculate the remainder when 89189891 is divided by 651021.
14
Calculate the remainder when 1292124 is divided by 323025.
24
Calculate the remainder when 1483169 is divided by 1179.
1166
What is the remainder when 1316559 is divided by 119684?
35
Calculate the remainder when 205816 is divided by 208.
104
What is the remainder when 29634064 is divided by 66?
64
What is the remainder when 6808270 is divided by 148?
122
Calculate the remainder when 145115387 is divided by 2143.
2142
What is the remainder when 250738 is divided by 321?
37
What is the remainder when 5492090 is divided by 549208?
10
What is the remainder when 79177848 is divided by 639?
636
Calculate the remainder when 73592956 is divided by 5749.
7
Calculate the remainder when 546844464 is divided by 2205018.
0
Calculate the remainder when 104589 is divided by 378.
261
Calculate the remainder when 829204 is divided by 414537.
130
Calculate the remainder when 2861401 is divided by 579.
562
Calculate the remainder when 416269 is divided by 4625.
19
Calculate the remainder when 710354 is divided by 354904.
546
What is the remainder when 8466327 is divided by 8?
7
What is the remainder when 2136658 is divided by 478?
476
What is the remainder when 121424 is divided by 28?
16
What is the remainder when 253227 is divided by 14895?
12
What is the remainder when 14269655 is divided by 74?
13
What is the remainder when 2184434 is divided by 1092143?
148
Calculate the remainder when 284321 is divided by 1341.
29
What is the remainder when 40445 is divided by 2528?
2525
Calculate the remainder when 14493187 is divided by 25.
12
Calculate the remainder when 9879 is divided by 3583.
2713
Calculate the remainder when 6553261 is divided by 19.
9
Calculate the remainder when 9281689 is divided by 14106.
14047
Calculate the remainder when 2052697 is divided by 582.
565
Calculate the remainder when 548132 is divided by 1890.
32
What is the remainder when 3119870 is divided by 346639?
119
What is the remainder when 3885808 is divided by 180?
148
What is the remainder when 5953948 is divided by 74?
56
Calculate the remainder when 13142470 is divided by 1843.
37
What is the remainder when 777202 is divided by 40905?
7
Calculate the remainder when 352115 is divided by 25144.
99
What is the remainder when 1719071 is divided by 88?
79
Calculate the remainder when 1010857 is divided by 718.
631
Calculate the remainder when 4404430 is divided by 66731.
184
What is the remainder when 27689862 is divided by 4?
2
What is the remainder when 75594 is divided by 37624?
346
What is the remainder when 230015 is divided by 38305?
185
What is the remainder when 102684 is divided by 20532?
24
Calculate the remainder when 721803 is divided by 1109.
953
What is the remainder when 809685 is divided by 44936?
837
What is the remainder when 45142566 is divided by 30814?
56
What is the remainder when 1452221 is divided by 818?
271
What is the remainder when 1045 is divided by 244?
69
Calculate the remainder when 176280 is divided by 4719.
1677
Calculate the remainder when 7557 is divided by 1456.
277
Calculate the remainder when 1327176 is divided by 663566.
44
What is the remainder when 45382 is divided by 161?
141
Calculate the remainder when 12151468 is divided by 1350.
118
Calculate the remainder when 82204 is divided by 20506.
180
What is the remainder when 869930 is divided by 66916?
22
What is the remainder when 391291 is divided by 59?
3
Calculate the remainder when 56746712 is divided by 28373353.
6
Calculate the remainder when 162806557 is divided by 5251824.
13
Calculate the remainder when 165035 is divided by 82385.
265
Calculate the remainder when 173985 is divided by 27.
24
Calculate the remainder when 152677 is divided by 444.
385
Calculate the remainder when 1143207 is divided by 15.
12
What is the remainder when 789443 is divided by 802?
275
What is the remainder when 276508 is divided by 5638?
246
Calculate the remainder when 186524 is divided by 552.
500
What is the remainder when 523170 is divided by 3096?
3042
Calculate the remainder when 112422164 is divided by 3927.
8
Calculate the remainder when 301809 is divided by 538.
529
What is the remainder when 212770 is divided by 25?
20
What is the remainder when 220023 is divided by 374?
111
Calculate the remainder when 59783 is divided by 980.
3
What is the remainder when 797615 is divided by 117?
26
What is the remainder when 23869527 is divided by 3?
0
Calculate the remainder when 11491 is divided by 228.
91
Calculate the remainder when 12547816 is divided by 38.
26
Calculate the remainder when 578921 is divided by 2075.
2071
Calculate the remainder when 718538809 is divided by 269.
266
Calculate the remainder when 9780977 is divided by 1179.
1172
Calculate the remainder when 336663 is divided by 3914.
59
Calculate the remainder when 58904 is divided by 8.
0
Calculate the remainder when 1638457 is divided by 27.
16
Calculate the remainder when 69776 is divided by 29606.
10564
What is the remainder when 9039860 is divided by 471?
428
Calculate the remainder when 168780 is divided by 861.
24
What is the remainder when 934294 is divided by 467001?
292
Calculate the remainder when 2931837 is divided by 758.
651
What is the remainder when 51395622 is divided by 28?
26
What is the remainder when 1929598 is divided by 1929594?
4
What is the remainder when 693715 is divided by 253?
242
Calculate the remainder when 77815 is divided by 230.
75
What is the remainder when 2407711 is divided by 1203836?
39
What is the remainder when 418350656 is divided by 26?
22
What is the remainder when 1406362 is divided by 703123?
116
What is the remainder when 92552 is divided by 5750?
552
What is the remainder when 601905120 is divided by 182?
180
Calculate the remainder when 388187 is divided by 679.
478
What is the remainder when 102108382 is divided by 1512?
1510
Calculate the remainder when 425493 is divided by 148.
141
Calculate the remainder when 162613 is divided by 10634.
3103
Calculate the remainder when 39918313 is divided by 100.
13
Calculate the remainder when 13678 is divided by 95.
93
What is the remainder when 194861 is divided by 2136?
485
What is the remainder when 291581 is divided by 13247?
147
What is the remainder when 802336 is divided by 5779?
4834
Calculate the remainder when 106057117 is divided by 2511.
10
Calculate the remainder when 36273 is divided by 1817.
1750
Calculate the remainder when 19981630 is divided by 7901.
1
Calculate the remainder when 5389909 is divided by 788.
777
Calculate the remainder when 3233214 is divided by 75190.
44
What is the remainder when 39855 is divided by 1334?
1169
Calculate the remainder when 64281405 is divided by 649307.
12
What is the remainder when 43605026 is divided by 1423?
37
What is the remainder when 71660 is divided by 71646?
14
Calculate the remainder when 560817 is divided by 43138.
23
Calculate the remainder when 359199 is divided by 359185.
14
Calculate the remainder when 185050 is divided by 2760.
130
What is the remainder when 1788912 is divided by 16412?
4
Calculate the remainder when 3922232 is divided by 93386.
20
What is the remainder when 1257080 is divided by 314147?
492
Calculate the remainder when 6028 is divided by 4565.
1463
What is the remainder when 102760 is divided by 4196?
2056
What is the remainder when 4688732 is divided by 586089?
20
Calculate the remainder when 3271648 is divided by 169.
146
Calculate the remainder when 136440480 is divided by 385425.
30
Calculate the remainder when 1248326 is divided by 52.
14
What is the remainder when 6615027 is divided by 3307507?
13
What is the remainder when 55951 is divided by 121?
49
What is the remainder when 61913 is divided by 201?
5
What is the remainder when 150998239 is divided by 1558?
1553
Calculate the remainder when 123988 is divided by 17705.
53
What is the remainder when 20455 is divided by 561?
259
Calculate the remainder when 22879217 is divided by 91.
88
Calculate the remaind